{"id":359,"date":"2019-10-16T17:23:20","date_gmt":"2019-10-16T20:23:20","guid":{"rendered":"http:\/\/saltaconnection.com.ar\/web\/?post_type=product&#038;p=359"},"modified":"2022-11-16T17:28:18","modified_gmt":"2022-11-16T20:28:18","slug":"geisers-y-pueblos","status":"publish","type":"product","link":"https:\/\/www.saltaconnection.com.ar\/web\/producto\/geisers-y-pueblos\/","title":{"rendered":"Geisers y Pueblos"},"content":{"rendered":"<p>Visita a los pueblos de Toconao y Socaire, Salar de Atacama, las Lagunas Miscanti y Mi\u00f1iques (4.150 m.s.n.m.). A continuaci\u00f3n se visitar\u00e1n los salares de Capur, Talar y Laguna Tuyajto, (Flamencos).<\/p>\n<p>Recorrido: 320 Km. Llegada estimada a San Pedro a las 19:00 horas.<\/p>\n<p>El tour incluye almuerzo. No incluye pago de ingreso a reserva Nacional los flamencos (CONAF).<\/p>\n<p>Recomendaciones: Llevar pul\u00f3ver, ropa liviana, bloqueador sol.<\/p>\n<p><span data-mce-type=\"bookmark\" style=\"width: 0px;overflow: hidden;line-height: 0\" class=\"mce_SELRES_start\"><span data-mce-type=\"bookmark\" style=\"width: 0px;overflow: hidden;line-height: 0\" class=\"mce_SELRES_start\">\ufeff<\/span>\ufeff<\/span><\/p>\n","protected":false},"excerpt":{"rendered":"<p><strong>El m\u00ednimo para este Tour es de:<\/strong>&#8230;.pasajeros<br \/>\n<strong>Recorrido:<\/strong> 320 km<br \/>\n<strong>Duraci\u00f3n:<\/strong> 1 d\u00eda<br \/>\n<strong>Edad:<\/strong> Todas las edades<br \/>\n<strong>Regi\u00f3n: <\/strong>Chile, San Pedro de Atacama<br \/>\n<strong>Requerimiento F\u00edsico:<\/strong> Medio<br \/>\n<strong>Salidas:<\/strong> Todo el a\u00f1o<br \/>\n<strong>Altitud M\u00e1xima:<\/strong> 4100 msnm<\/p>\n<p>&nbsp;<\/p>\n","protected":false},"featured_media":361,"comment_status":"closed","ping_status":"closed","template":"","meta":{"_et_pb_use_builder":"","_et_pb_old_content":"","_et_gb_content_width":""},"product_cat":[20],"product_tag":[],"_links":{"self":[{"href":"https:\/\/www.saltaconnection.com.ar\/web\/wp-json\/wp\/v2\/product\/359"}],"collection":[{"href":"https:\/\/www.saltaconnection.com.ar\/web\/wp-json\/wp\/v2\/product"}],"about":[{"href":"https:\/\/www.saltaconnection.com.ar\/web\/wp-json\/wp\/v2\/types\/product"}],"replies":[{"embeddable":true,"href":"https:\/\/www.saltaconnection.com.ar\/web\/wp-json\/wp\/v2\/comments?post=359"}],"wp:featuredmedia":[{"embeddable":true,"href":"https:\/\/www.saltaconnection.com.ar\/web\/wp-json\/wp\/v2\/media\/361"}],"wp:attachment":[{"href":"https:\/\/www.saltaconnection.com.ar\/web\/wp-json\/wp\/v2\/media?parent=359"}],"wp:term":[{"taxonomy":"product_cat","embeddable":true,"href":"https:\/\/www.saltaconnection.com.ar\/web\/wp-json\/wp\/v2\/product_cat?post=359"},{"taxonomy":"product_tag","embeddable":true,"href":"https:\/\/www.saltaconnection.com.ar\/web\/wp-json\/wp\/v2\/product_tag?post=359"}],"curies":[{"name":"wp","href":"https:\/\/api.w.org\/{rel}","templated":true}]}}