{"id":322,"date":"2019-10-16T16:55:52","date_gmt":"2019-10-16T19:55:52","guid":{"rendered":"http:\/\/saltaconnection.com.ar\/web\/?post_type=product&#038;p=322"},"modified":"2022-11-16T17:28:18","modified_gmt":"2022-11-16T20:28:18","slug":"geisers-del-tatio","status":"publish","type":"product","link":"https:\/\/www.saltaconnection.com.ar\/web\/producto\/geisers-del-tatio\/","title":{"rendered":"Geisers del Tatio"},"content":{"rendered":"<p>Salida a las 04:00 horas desde los Hoteles. Llegada a las 07:00 horas a los Geysers del Tatio (4.320 m.s.n.m.). Desayuno y caminata por el campo geot\u00e9rmico (dos horas en los geysers). En el camino de regreso a San Pedro se visitar\u00e1 el poblado de Machuca, hermoso lugar donde se podr\u00e1 apreciar flora y fauna t\u00edpica del lugar.<\/p>\n<p><strong>Recorrido:<\/strong> 194 Km. Llegada estimada a San Pedro a las 12:30 horas.<br \/>\n.<br \/>\n<strong>Recomendaciones:<\/strong> Llevar ropa de abrigo (temperatura bajo cero), bloqueador solar, agua mineral, traje de ba\u00f1o, toalla.<\/p>\n<p><span data-mce-type=\"bookmark\" style=\"width: 0px;overflow: hidden;line-height: 0\" class=\"mce_SELRES_start\"><span data-mce-type=\"bookmark\" style=\"width: 0px;overflow: hidden;line-height: 0\" class=\"mce_SELRES_start\">\ufeff<\/span>\ufeff<\/span><\/p>\n","protected":false},"excerpt":{"rendered":"<p><strong>El m\u00ednimo para este Tour es de:<\/strong>&#8230;.pasajeros<br \/>\n<strong>Distancia:<\/strong> 194 km<br \/>\n<strong>Duraci\u00f3n:<\/strong> 1 d\u00eda<br \/>\n<strong>Edad:<\/strong> Todas las edades<br \/>\n<strong>Regi\u00f3n: <\/strong>Tucuman<br \/>\n<strong>Requerimiento F\u00edsico:<\/strong> Medio<br \/>\n<strong>Salidas:<\/strong> Todo el a\u00f1o<br \/>\n<strong>Altitud M\u00e1xima:<\/strong> 4320 msnm<\/p>\n<p>&nbsp;<\/p>\n","protected":false},"featured_media":326,"comment_status":"closed","ping_status":"closed","template":"","meta":{"_et_pb_use_builder":"","_et_pb_old_content":"","_et_gb_content_width":""},"product_cat":[20],"product_tag":[],"_links":{"self":[{"href":"https:\/\/www.saltaconnection.com.ar\/web\/wp-json\/wp\/v2\/product\/322"}],"collection":[{"href":"https:\/\/www.saltaconnection.com.ar\/web\/wp-json\/wp\/v2\/product"}],"about":[{"href":"https:\/\/www.saltaconnection.com.ar\/web\/wp-json\/wp\/v2\/types\/product"}],"replies":[{"embeddable":true,"href":"https:\/\/www.saltaconnection.com.ar\/web\/wp-json\/wp\/v2\/comments?post=322"}],"wp:featuredmedia":[{"embeddable":true,"href":"https:\/\/www.saltaconnection.com.ar\/web\/wp-json\/wp\/v2\/media\/326"}],"wp:attachment":[{"href":"https:\/\/www.saltaconnection.com.ar\/web\/wp-json\/wp\/v2\/media?parent=322"}],"wp:term":[{"taxonomy":"product_cat","embeddable":true,"href":"https:\/\/www.saltaconnection.com.ar\/web\/wp-json\/wp\/v2\/product_cat?post=322"},{"taxonomy":"product_tag","embeddable":true,"href":"https:\/\/www.saltaconnection.com.ar\/web\/wp-json\/wp\/v2\/product_tag?post=322"}],"curies":[{"name":"wp","href":"https:\/\/api.w.org\/{rel}","templated":true}]}}