{"id":312,"date":"2019-10-16T16:48:10","date_gmt":"2019-10-16T19:48:10","guid":{"rendered":"http:\/\/saltaconnection.com.ar\/web\/?post_type=product&#038;p=312"},"modified":"2022-11-16T17:28:19","modified_gmt":"2022-11-16T20:28:19","slug":"san-javier-dique-el-cadillal-siambon-la-sala-y-villa-nougues","status":"publish","type":"product","link":"https:\/\/www.saltaconnection.com.ar\/web\/producto\/san-javier-dique-el-cadillal-siambon-la-sala-y-villa-nougues\/","title":{"rendered":"San Javier, Dique El Cadillal, Siamb\u00f3n, la Sala y Villa Nougues"},"content":{"rendered":"<p>Plantaciones de citrus- Villa del Dique- Anfiteatro-Murall\u00f3n- R\u00edo Loro- Camping- Vistas panor\u00e1micas de Raco- Country club El Siamb\u00f3n- Cancha de Golf- Club House- Visita a Capilla de los Frailes Benedictinos- Visita a local comercializador de sus productos &#8211; Sierras de San Javier &#8211; Viviendas Universitarias &#8211; Cristo Bendicente &#8211; Continuamos por las sierras 12 km. Hasta Villa Nougu\u00e9s &#8211; Cerro Bola &#8211; Balc\u00f3n con panor\u00e1mica hacia Quebrada de Lules &#8211; Capilla- V\u00eda Crucis &#8211; Gruta Virgen de Lourdes &#8211; Villa Lolette &#8211; Vista panor\u00e1mica &#8211; FIN DEL RECORRIDO.<\/p>\n<p><strong>Salida matutina &#8211; alternativa:<\/strong> opcional, almuerzo en hoster\u00eda de Villa Nougu\u00e9s.<br \/>\n<strong>Salida Vespertina &#8211; alternativa:<\/strong> opcional, refrigerio en Hoster\u00eda Villa Nougu\u00e9s.<\/p>\n<p><span data-mce-type=\"bookmark\" style=\"width: 0px;overflow: hidden;line-height: 0\" class=\"mce_SELRES_start\"><span data-mce-type=\"bookmark\" style=\"width: 0px;overflow: hidden;line-height: 0\" class=\"mce_SELRES_start\">\ufeff<\/span>\ufeff<\/span><\/p>\n","protected":false},"excerpt":{"rendered":"<p><strong>El m\u00ednimo para este Tour es de:<\/strong>&#8230;.pasajeros<br \/>\n<strong>Distancia:<\/strong> &#8230;. km<br \/>\n<strong>Duraci\u00f3n:<\/strong> 6 hs.<br \/>\n<strong>Edad:<\/strong> Todas las edades<br \/>\n<strong>Regi\u00f3n: <\/strong>Tucuman<br \/>\n<strong>Requerimiento F\u00edsico:<\/strong> Bajo<br \/>\n<strong>Salidas:<\/strong> Todo el a\u00f1o<br \/>\n<strong>Altitud M\u00e1xima:<\/strong> &#8230;&#8230; msnm<\/p>\n<p>&nbsp;<\/p>\n","protected":false},"featured_media":315,"comment_status":"closed","ping_status":"closed","template":"","meta":{"_et_pb_use_builder":"","_et_pb_old_content":"","_et_gb_content_width":""},"product_cat":[18],"product_tag":[],"_links":{"self":[{"href":"https:\/\/www.saltaconnection.com.ar\/web\/wp-json\/wp\/v2\/product\/312"}],"collection":[{"href":"https:\/\/www.saltaconnection.com.ar\/web\/wp-json\/wp\/v2\/product"}],"about":[{"href":"https:\/\/www.saltaconnection.com.ar\/web\/wp-json\/wp\/v2\/types\/product"}],"replies":[{"embeddable":true,"href":"https:\/\/www.saltaconnection.com.ar\/web\/wp-json\/wp\/v2\/comments?post=312"}],"wp:featuredmedia":[{"embeddable":true,"href":"https:\/\/www.saltaconnection.com.ar\/web\/wp-json\/wp\/v2\/media\/315"}],"wp:attachment":[{"href":"https:\/\/www.saltaconnection.com.ar\/web\/wp-json\/wp\/v2\/media?parent=312"}],"wp:term":[{"taxonomy":"product_cat","embeddable":true,"href":"https:\/\/www.saltaconnection.com.ar\/web\/wp-json\/wp\/v2\/product_cat?post=312"},{"taxonomy":"product_tag","embeddable":true,"href":"https:\/\/www.saltaconnection.com.ar\/web\/wp-json\/wp\/v2\/product_tag?post=312"}],"curies":[{"name":"wp","href":"https:\/\/api.w.org\/{rel}","templated":true}]}}

San Javier, Dique El Cadillal, Siambón, la Sala y Villa Nougues

<p>Plantaciones de citrus- Villa del Dique- Anfiteatro-Murallón- Río Loro- Camping- Vistas panorámicas de Raco- Country club El Siambón- Cancha de Golf- Club House- Visita a Capilla de los Frailes Benedictinos- Visita a local comercializador de sus productos &#8211; Sierras de San Javier &#8211; Viviendas Universitarias &#8211; Cristo Bendicente &#8211; Continuamos por las sierras 12 km. Hasta Villa Nougués &#8211; Cerro Bola &#8211; Balcón con panorámica hacia Quebrada de Lules &#8211; Capilla- Vía Crucis &#8211; Gruta Virgen de Lourdes &#8211; Villa Lolette &#8211; Vista panorámica &#8211; FIN DEL RECORRIDO.</p>
<p><strong>Salida matutina &#8211; alternativa:</strong> opcional, almuerzo en hostería de Villa Nougués.<br />
<strong>Salida Vespertina &#8211; alternativa:</strong> opcional, refrigerio en Hostería Villa Nougués.</p>
<p><span data-mce-type="bookmark" style="width: 0px;overflow: hidden;line-height: 0" class="mce_SELRES_start"><span data-mce-type="bookmark" style="width: 0px;overflow: hidden;line-height: 0" class="mce_SELRES_start">﻿</span>﻿</span></p>

<p><strong>El mínimo para este Tour es de:</strong>&#8230;.pasajeros<br />
<strong>Distancia:</strong> &#8230;. km<br />
<strong>Duración:</strong> 6 hs.<br />
<strong>Edad:</strong> Todas las edades<br />
<strong>Región: </strong>Tucuman<br />
<strong>Requerimiento Físico:</strong> Bajo<br />
<strong>Salidas:</strong> Todo el año<br />
<strong>Altitud Máxima:</strong> &#8230;&#8230; msnm</p>
<p>&nbsp;</p>
